72) - 1/(8/(-414)). What is the highest common factor of 13 and b?
13
Let b(q) = 20*q - 11. Let c be b(5). Let d = -11 + c. Let h be d - (-1)/1*2. What is the highest common divisor of 10 and h?
10
Let g = -34 + 39. Suppose l = g*l - 12. Suppose -3*y + 91 = -2*w, 0*y = -3*y - 3*w + 111. What is the greatest common divisor of y and l?
3
Let c be (-2)/6 - 116/(-6). Let u = 416 + -245. Suppose 176*k - u*k = 855. Calculate the highest common factor of c and k.
19
Let a = -517 - -966. Suppose 3*w = -5*z + a, 4*w - 2*z = 151 + 413. Let m = w + -117. Calculate the highest common factor of m and 208.
26
Let g = 297 - 244. Suppose 0 = -0*v - 2*v - 2*r + 44, -2*v + g = -r. What is the greatest common factor of v and 1?
1
Suppose -8*w + 230 = -293 - 597. What is the greatest common factor of w and 2170?
70
Let v(g) = 711*g - 2148*g + 714*g + 716*g + 22. Let z = -1 + -5. Let m be v(z). What is the greatest common divisor of m and 48?
16
Let y(x) = x**3 - 4*x**2 - 5*x + 30. Let p be y(4). Let a be p/15*(74 - 2). Calculate the greatest common divisor of a and 384.
48
Let a be 13/(((-5)/(-4))/((-36200)/(-160))). What is the greatest common factor of a and 181?
181
Suppose -3362 = -6*h - 1568. What is the highest common divisor of 161 and h?
23
Suppose 218*a = 214*a - 3*k + 182, 80 = 2*a - 4*k. Calculate the greatest common factor of 814 and a.
22
Suppose -2*y + 8 = 0, 18*p + 4 = 19*p - 3*y. Let b(c) = c**2 + 9*c + 9. Let n be b(-8). Calculate the highest common factor of n and p.
1
Let q = 12315 - 11411. Calculate the highest common divisor of 4746 and q.
226
Suppose 178*w = -125*w - 111*w + 26082. What is the highest common factor of w and 3283?
7
Suppose -y + 2*y + 299 = 5*l, 5*y = 2*l - 115. Let g = 86 + -66. Suppose g = 4*k - l. What is the highest common factor of k and 220?
20
Suppose 3*p = 15, -40*p + 43*p - 14139 = 2*o. Let s be (0 + -1)*(-110)/2. Let u be (-4)/10 - o/s. What is the greatest common factor of u and 16?
16
Suppose -23 = x + 7. Suppose 3*u + 4*n = 3*n + 136, -u + 5*n + 56 = 0. Let p = x + u. Calculate the highest common factor of p and 1.
1
Let u(g) = 3*g**2 + 16*g**2 - 18*g**2 - 37*g + 66. Let w be u(39). Calculate the greatest common factor of w and 108.
36
Let z = 278 + -276. Suppose 2*x = 5*q + 124, z*x + 84 = 4*x + 5*q. Let o = 39 - -91. Calculate the greatest common factor of o and x.
26
Let m = 246 - 253. Let g be 12 - (1 - 7/m). Let z be (-259)/(-2) + 2/4. What is the highest common divisor of g and z?
10
Let h be 8831 + (13/(-65))/((-5)/25). What is the greatest common factor of h and 69?
69
Let k(y) = 8*y**2 - 295*y + 325. Let u be k(36). Calculate the greatest common factor of u and 13213.
73
Let t be 19/76 + 159/4. Let y be (688/12)/((-1)/12). Let p = -328 - y. Calculate the highest common factor of t and p.
40
Let g = -27 - -29. Suppose -8 = 2*v, -v - 37 = -n - g*v. Calculate the highest common factor of n and 328.
41
Suppose k + 4*k = 360. Suppose 3*x = 124*s - 126*s + 155, -7 = -0*x + x. What is the greatest common factor of k and s?
8
Suppose 59*z - 279 = 50*z. Suppose 4*q - 5*q = -z. Calculate the greatest common factor of q and 31.
31
Let r(u) = 13 - 17*u + 4*u + 5*u. Let s be r(4). Let t = s + 27. What is the greatest common divisor of t and 16?
8
Let d be (-126)/(-33) - 10/(-55). Suppose 0 = -d*q + 39*a - 37*a + 1090, -3*q - 4*a = -812. Calculate the highest common divisor of 17 and q.
17
Let c be (2/(-8)*0/(-6))/(-2). Suppose c = -17*f + 15*f - 2*h + 496, 0 = h - 3. What is the greatest common divisor of f and 105?
35
Let l(n) = -55*n - 15. Let t be l(-9). Suppose 247 = 5*o - c - 49, 4*c = 4*o - 224. Calculate the greatest common divisor of o and t.
60
Let y(x) be the second derivative of x**5/20 - x**4/3 + x**3/3 + 5*x**2/2 - x + 26. Let h be y(4). What is the highest common factor of h and 39?
13
Let f be 56/1 + (15 + -29 - -14). What is the highest common divisor of f and 10052?
28
Let t(f) be the second derivative of -19*f**3/6 + 2*f**2 + 2*f + 8. Let j be t(-3). What is the highest common factor of 61 and j?
61
Let l = 80 + 495. Let i = 633 - l. Suppose b - 2 = -0, -2*b + 149 = 5*r. Calculate the greatest common factor of r and i.
29
Let g(x) = 55*x + 6. Let l be g(3). Let a(h) = -h**3 + 11*h**2 + 19*h - 27. Let p be a(12). Calculate the greatest common divisor of p and l.
57
Suppose -3509 = -5*l - 5*s + 7*s, -1403 = -2*l + s. What is the greatest common factor of l and 38?
19
Let s be ((-4)/(-6))/(-1)*27. Let m = s - -70. Let p be (-4)/((62 + -48)*(-2)/(-14))*-78. Calculate the highest common factor of p and m.
52
Suppose -w + 153 = 75. Let g be w/2 - (-12 + 17). What is the highest common factor of 204 and g?
34
Suppose -254 = -4*w - 2*d, 3*w - 195 = 3*d - 0*d. Suppose -6 = -5*q + w. Suppose 4*u = q + 46. Calculate the highest common factor of 15 and u.
15
Suppose b + 25 = 2*d + 7, -2*b + 12 = 2*d. Suppose d*z - 10*z = -112. Calculate the highest common factor of z and 14.
14
Suppose -73037 = -142*w + 36413 - 23966. Calculate the highest common factor of w and 172.
86
Let j = 9805 + -7509. What is the highest common divisor of 168 and j?
56
Let n(o) = -o**3 + 12*o**2 + 110*o - 11. Let t be n(18). Calculate the highest common factor of 125 and t.
25
Let n = 8611 + -437. Calculate the highest common divisor of n and 134.
134
Let j be (-3303)/(-12) + (26/8)/(-13). Calculate the highest common divisor of 175 and j.
25
Let p be -14*(24/(-42))/((-4)/(-14)). Let t be 3/15*173 + p/70. Calculate the highest common divisor of t and 70.
35
Let d = 2295 + -1272. Suppose -z + d = 2*z. Suppose 0 = -4*u + 5*u - 4*g - 15, -58 = -2*u + g. What is the greatest common divisor of z and u?
31
Suppose 0 = -119*k + 51225 + 40405. Calculate the highest common factor of 6776 and k.
154
Let k be ((-100)/40)/((-3)/54). What is the greatest common divisor of 279 and k?
9
Let b be (-93)/31 + (2 - (-1 + -2158)). What is the highest common factor of 52 and b?
26
Suppose 0*b + 5*a = 5*b - 2145, 2*b + 4*a - 840 = 0. Let q(o) = 2*o**3 + 5*o + 71. Let r be q(0). What is the highest common divisor of b and r?
71
Suppose -32*c + 557 = -595. Calculate the highest common divisor of c and 576.
36
Let a(m) = -9*m - 3. Let b be a(-3). Let t(u) = 2*u**2 - 47*u - 19. Let d be t(b). What is the greatest common divisor of 35 and d?
5
Suppose 0 = 25*d - 29*d - 44. Let u be (-101)/d + 18/(-99). Suppose u*v + 2*v = 2145. Calculate the highest common divisor of v and 39.
39
Suppose -2*k - 255 = 3*m - 1311, -15 = -5*k. Suppose -m*a - 39 = -351*a. Calculate the highest common factor of 39 and a.
39
Let f = -207 + 5356. Calculate the greatest common divisor of f and 19.
19
Let w(f) = 19*f**2 - 85*f - 388. Let y be w(-22). Calculate the highest common divisor of 38 and y.
38
Let b be 9/(-13*8/(-208)). Let g(i) be the first derivative of -i**3/3 - 7*i**2 + 21*i + 1. Let o be g(-15). Calculate the greatest common divisor of b and o.
6
Let i = 14816 + -14101. What is the highest common divisor of 7205 and i?
55
Let n(q) = 7*q - 14. Let i be n(12). What is the highest common divisor of 2030 and i?
70
Let p(t) = 5*t - 10 + 18 - 42. Let u be p(11). Let b(a) = -a**3 + 14*a**2 + a - 11. Let d be b(14). What is the highest common factor of u and d?
3
Let k(q) = 20*q - 138. Let f be k(7). Let s(w) = 38*w - 9. Let t be s(f). What is the highest common divisor of t and 536?
67
Let p = -11696 + 12915. Calculate the greatest common divisor of 92 and p.
23
Let d(t) = -3*t**3 - 35*t**2 + 6*t - 39. Let l be d(-12). What is the highest common factor of 14311 and l?
11
Let b(u) = 86*u**2 + 4*u - 2. Let x be b(3). Suppose 6*l = 2*l + x. Let i(t) = -17*t + 249. Let n be i(13). Calculate the greatest common divisor of l and n.
28
Let y be (68/(-5))/(11*22/(-4840)). Calculate the greatest common factor of 664 and y.
8
Let t(j) = -2134*j**3 + 4*j**2 - j + 1. Let x be t(-1). What is the greatest common factor of 40 and x?
20
Let f = 3 - 1. Suppose 2*v - 10 = -4*s, -s - 2 = -3*s - f*v. Suppose -j - 2*n + 76 = 0, -4*n = -2*j - 47 + 151. What is the greatest common factor of j and s?
4
Let f be 38 + 1 + -1 - 0. Let a be 280/42*5700/125. What is the greatest common divisor of a and f?
38
Suppose -8*b = -7*b - 3. Suppose -4*t + 16 = -2*o, t - 5 + 1 = -b*o. Let m be 1/(-1) + t + 35. Calc